{"id":163,"date":"2024-05-18T19:39:28","date_gmt":"2024-05-18T17:39:28","guid":{"rendered":"https:\/\/cascadedepiscine.com\/?page_id=163"},"modified":"2024-06-30T14:32:04","modified_gmt":"2024-06-30T12:32:04","slug":"nos-garanties","status":"publish","type":"page","link":"https:\/\/cascadedepiscine.com\/?page_id=163","title":{"rendered":"Nos garanties"},"content":{"rendered":"\n<p><strong>La garantie d\u00e9cennale<\/strong> est une assurance obligatoire pour les constructeurs de piscines, couvrant les dommages qui compromettent la solidit\u00e9 de l&rsquo;ouvrage ou le rendent impropre \u00e0 sa destination, pendant une p\u00e9riode de dix ans apr\u00e8s la r\u00e9ception des travaux.<\/p>\n\n\n\n<p>Chez Cascade de piscines, nous comprenons l&rsquo;importance de la tranquillit\u00e9 d&rsquo;esprit pour nos clients. C&rsquo;est pourquoi toutes nos r\u00e9alisations b\u00e9n\u00e9ficient de la garantie d\u00e9cennale. Cette garantie prot\u00e8ge nos clients contre les \u00e9ventuels d\u00e9fauts de construction ou malfa\u00e7ons pouvant survenir apr\u00e8s la finalisation de la piscine.<\/p>\n\n\n\n<p>En choisissant Cascade de piscines, vous optez pour la s\u00e9curit\u00e9 et la durabilit\u00e9. Nous nous engageons \u00e0 fournir des piscines de haute qualit\u00e9, construites selon les normes les plus strictes, et nous assurons que chaque projet est couvert par une assurance d\u00e9cennale, gage de notre s\u00e9rieux et de notre professionnalisme.<\/p>\n\n\n\n<div class=\"wp-block-columns alignfull has-text-color has-background is-layout-flex wp-container-core-columns-is-layout-9d6595d7 wp-block-columns-is-layout-flex\" style=\"color:#000000;background-color:#ffffff\">\n<div class=\"wp-block-column is-layout-flow wp-block-column-is-layout-flow\"><\/div>\n\n\n\n<div class=\"wp-block-column is-layout-flow wp-block-column-is-layout-flow\"><\/div>\n<\/div>\n","protected":false},"excerpt":{"rendered":"<p>La garantie d\u00e9cennale est une assurance obligatoire pour les constructeurs de piscines, couvrant les dommages qui compromettent la solidit\u00e9 de l&rsquo;ouvrage ou le rendent impropre \u00e0 sa destination, pendant une p\u00e9riode de dix ans apr\u00e8s la r\u00e9ception des travaux. Chez Cascade de piscines, nous comprenons l&rsquo;importance de la tranquillit\u00e9 d&rsquo;esprit pour nos clients. C&rsquo;est pourquoi [&hellip;]<\/p>\n","protected":false},"author":1,"featured_media":0,"parent":0,"menu_order":0,"comment_status":"closed","ping_status":"closed","template":"","meta":{"footnotes":""},"class_list":["post-163","page","type-page","status-publish","hentry"],"_links":{"self":[{"href":"https:\/\/cascadedepiscine.com\/index.php?rest_route=\/wp\/v2\/pages\/163","targetHints":{"allow":["GET"]}}],"collection":[{"href":"https:\/\/cascadedepiscine.com\/index.php?rest_route=\/wp\/v2\/pages"}],"about":[{"href":"https:\/\/cascadedepiscine.com\/index.php?rest_route=\/wp\/v2\/types\/page"}],"author":[{"embeddable":true,"href":"https:\/\/cascadedepiscine.com\/index.php?rest_route=\/wp\/v2\/users\/1"}],"replies":[{"embeddable":true,"href":"https:\/\/cascadedepiscine.com\/index.php?rest_route=%2Fwp%2Fv2%2Fcomments&post=163"}],"version-history":[{"count":5,"href":"https:\/\/cascadedepiscine.com\/index.php?rest_route=\/wp\/v2\/pages\/163\/revisions"}],"predecessor-version":[{"id":262,"href":"https:\/\/cascadedepiscine.com\/index.php?rest_route=\/wp\/v2\/pages\/163\/revisions\/262"}],"wp:attachment":[{"href":"https:\/\/cascadedepiscine.com\/index.php?rest_route=%2Fwp%2Fv2%2Fmedia&parent=163"}],"curies":[{"name":"wp","href":"https:\/\/api.w.org\/{rel}","templated":true}]}}